/14). What are the prime factors of t(h)?
7
Suppose 9*h - 4*h = 150. What are the prime factors of h?
2, 3, 5
Suppose -4*w + 778 = z, -z = z + 4. What are the prime factors of w?
3, 5, 13
Suppose -11 = 3*j - 2. List the prime factors of ((-15)/j)/(-1 - -2).
5
Let x = -249 - -406. What are the prime factors of x?
157
Let u(v) be the third derivative of v**5/60 - v**4/4 + 4*v**3/3 - 3*v**2. What are the prime factors of u(7)?
3, 5
Let v be ((-8)/4)/(-3 - -2). What are the prime factors of 455/63 - v/9?
7
Suppose -5*g = -3*g - 20. Let l(x) = -x**3 + 10*x**2 + x - 10. Let a be l(g). What are the prime factors of (16 - a) + -1 + -1?
2, 7
Let m(f) = -f**2 - 4*f - 1. Let k be m(-3). Suppose 4*j = 3*w, -3*w - w + 3*j + 7 = 0. Suppose 0 = -k*r + w. List the prime factors of r.
2
Let v(r) = 5*r**2 - 18*r + 47. What are the prime factors of v(10)?
367
Let v be 6 + (0/(-1))/(-3). Suppose -101 = -5*f - v. What are the prime factors of f?
19
Suppose -m - 2 = -0*m. Let v be ((-4)/(-2))/(m/(-3)). Suppose -4*k = 3*t + 2*t - 33, -5*k + 38 = v*t. What are the prime factors of k?
7
Let f = 9 + -5. Suppose f = p + 14. List the prime factors of p/(-35) - 108/(-14).
2
Let p be (-45)/(-2)*-4*5/(-30). Let a be 0 + 1 - 1 - -29. Let n = a - p. What are the prime factors of n?
2, 7
Suppose -307 = -5*w + 78. List the prime factors of w.
7, 11
Let d(w) = -2*w**3 + 3*w**2 + 5*w - 4. Let o be d(3). Let c = o + 24. What are the prime factors of c?
2
Suppose -2*g - 8 = 3*r - 5*r, -4*r = g - 26. What are the prime factors of ((-1 - -2) + r)*1?
7
Let j = -14 - -30. List the prime factors of j.
2
Let h be (-2)/13 + 5271/39. Suppose 5*r - 4*n = -n + h, 92 = 3*r - 4*n. List the prime factors of r.
2, 3
Let m(q) = -7*q + 1. Let h be m(-1). Let p(f) = 5 + 1 - 5*f - h. List the prime factors of p(-2).
2
Let g be 1/(3/(-21) - 0). Let j(h) = 8*h**2 + h**3 + 7*h - 1 + 0 - 2*h + h. What are the prime factors of j(g)?
2, 3
Let p = -16 + 9. What are the prime factors of p*2*3/(-6)?
7
Let a(g) = 65*g - 5. Let m be a(2). Suppose 4*i = -i + m. List the prime factors of i.
5
Let y = 4 - 2. Let c = 5 - y. Suppose c*v + 9 = 2*u - 4*u, 0 = -4*v - 20. List the prime factors of u.
3
Let b be (-3)/12 - (-60)/(-16). Let u be ((-3)/(3/b))/2. Suppose 2*t - 30 = -u. What are the prime factors of t?
2, 7
Suppose -6*n = 5*r - 3*n - 1, -5*r + 4*n + 22 = 0. Let a = -6 + 4. Let y = r - a. What are the prime factors of y?
2
Let x = -22 + 132. List the prime factors of 4/(-18) - x/(-9).
2, 3
Suppose -5*p = -3*p - 248. What are the prime factors of p?
2, 31
Let c(z) = 5*z**2 - 4*z + 44. List the prime factors of c(8).
2, 83
Suppose 3*j - 270 = -2*j + 5*g, 2*j = -g + 93. What are the prime factors of j?
7
Let i(v) = v + 8. Let g be i(-8). Suppose g = 2*u - 3*u + 4. Suppose -z + u = z. List the prime factors of z.
2
Let d be ((-90)/(-25))/((-6)/(-20)). Let n = -7 + d. Suppose -2*v - 2*v + 3*l = -34, -n*v + 2*l + 39 = 0. List the prime factors of v.
7
Suppose -j = -6*j + 20. List the prime factors of j.
2
List the prime factors of (-20)/90 - 524/(-9).
2, 29
Let q(z) = 0 - 3 + 4 - z. Let a be q(1). Suppose a*v = 2*v - 16. List the prime factors of v.
2
Let n be (-3 - -1)*3/6. Let u be ((-5 - -2) + 12)*n. List the prime factors of (6/5)/(u/(-30)).
2
Suppose 5*o + 680 = 4*b, -2*b - 5*o - 224 = -594. What are the prime factors of b?
5, 7
Let m(q) be the third derivative of q**5/60 + 7*q**3/6 - q**2. Let v be m(0). Suppose v = i - 7. What are the prime factors of i?
2, 7
Let s = 109 - 50. List the prime factors of s.
59
Let k = -9 + -12. Let h = -45 - -75. Let x = h + k. What are the prime factors of x?
3
Suppose 0 = 3*z - 563 - 76. What are the prime factors of z?
3, 71
Let a = -92 + 206. List the prime factors of a.
2, 3, 19
Let q = -128 - -213. List the prime factors of q.
5, 17
Suppose 3*a + 241 = 3*z + a, -3*z + 5*a + 247 = 0. Let m = z + -47. List the prime factors of m.
2
Let v(q) = 13*q**3 - 2*q**2 + q. Let l be (1/2)/(4/8). What are the prime factors of v(l)?
2, 3
Let b = 0 + 0. Suppose -4*g + 28 = 4*n, 10 = 5*n - 0. Suppose g*q = -2*p + 3*q + 12, 2*q = b. What are the prime factors of p?
2, 3
Let x be 8/6*(5 - -1). Suppose -10 = 3*a - x*a. Suppose 0 = -a*v - v + 21. What are the prime factors of v?
7
Suppose 2*n + 0 = 4, p - 8 = -3*n. Let t = p - 3. What are the prime factors of t*6/2 - -23?
2, 5
Suppose -2*c - 4 + 26 = 0. What are the prime factors of c?
11
Let c = -121 - -356. List the prime factors of c.
5, 47
Let x be 2/3*(-1320)/(-16). Suppose -x = -2*h - 19. What are the prime factors of h?
2, 3
Suppose -2*g = 2 - 6, -3*a = 2*g - 1. Let y be 1/a + 6/(-3). List the prime factors of y/(-1*2 + 1).
3
Suppose -76 = -m + 4. Let q be (6/(-4))/(12/m). Let d = -5 - q. What are the prime factors of d?
5
Let f = -285 - -518. List the prime factors of f.
233
Let j(i) = -i**3 - 11*i**2 - 8*i. Let h be j(-10). Let t = -14 - h. Suppose 0*s + 3*s - t = 0. List the prime factors of s.
2
Suppose 5*z = -j + 7, -3 = -j - 3*j + 5*z. Suppose j + 18 = 4*b. List the prime factors of b.
5
Let c = 9 - -8. Let i = c - -4. Suppose -5 = 5*d, o + 3*o - i = -3*d. List the prime factors of o.
2, 3
Let x be -5*(3 + (-5 - -3)). Let j(k) = k**2 + k - 4. List the prime factors of j(x).
2
Let x(t) = -8*t - 8. What are the prime factors of x(-3)?
2
Let q = 58 + -38. List the prime factors of q.
2, 5
Suppose -55 + 7 = -4*i. Let m(j) = j**2 - 11*j - 4. List the prime factors of m(i).
2
Suppose 3*g - 660 = -5*f + 8*g, 0 = -f - 5*g + 114. List the prime factors of f.
3, 43
Let j(d) = 4 + d**2 + 0 + 0*d + 2*d. What are the prime factors of j(-4)?
2, 3
Suppose 12 = 5*q + 2*k, -5*k = -3*q - 0*k + 1. Suppose 2*d = -q*d + 36. What are the prime factors of d?
3
Let c(r) be the first derivative of r**4/4 - 5*r**3 - 17*r**2/2 + 20*r + 5. List the prime factors of c(16).
2
Let a be ((-1)/(-2)*-2)/1. Let s = a + 22. What are the prime factors of s?
3, 7
Let f(a) = 4*a**2 + 10*a + 6. List the prime factors of f(-5).
2, 7
Let v = 2 - 0. Suppose m - 2*u - 1 = u, 0 = -v*m - u + 9. What are the prime factors of m?
2
Suppose -4*v + 84 = 3*p + v, 2*v - 75 = -3*p. Let j be 2/(-7) + 136/(-14). Let f = j + p. List the prime factors of f.
13
Let g be ((-15)/2 + 2)*2. Let j = -27 - -10. Let b = g - j. What are the prime factors of b?
2, 3
Suppose 0 = -3*h - 0*q + 4*q + 28, 2*h = -2*q. Suppose h*p = 3 + 13. What are the prime factors of p?
2
Let c = 85 + -47. What are the prime factors of c?
2, 19
Let y(p) = -p**2 + 13*p - 4. What are the prime factors of y(10)?
2, 13
Let g(o) = -o**3 + 10*o**2 + 10*o + 9. Let f be g(11). Let h be (0*(-3)/(-9))/f. Suppose h*j = -4*j + 60. What are the prime factors of j?
3, 5
List the prime factors of 1*-85*(-3 + 1).
2, 5, 17
Let y(t) = 2*t**2 + t + 5. Let d be y(8). Suppose -5*b + 230 = -5*u, -u - 2*u = -4*b + d. List the prime factors of (-4)/(-16) + u/(-4).
11
Suppose 51 + 93 = 2*l. What are the prime factors of l?
2, 3
Let p(x) = 3*x + 1. Let w(u) = -u**2 + 3*u + 2. Let m be w(3). List the prime factors of p(m).
7
List the prime factors of (-160)/(4 - 8) - 1*4.
2, 3
Let x(f) = -40*f**3 + f + 1. What are the prime factors of x(-1)?
2, 5
Let x(n) be the second derivative of -n**5/20 - n**4/12 + 2*n. Let a be x(-2). Suppose l - y - a = 0, 0 = -2*l - 2*l - y + 36. What are the prime factors of l?
2
Let z = -117 - -79. Let k = z - -64. What are the prime factors of k?
2, 13
Suppose -1 = b - 39. List the prime factors of b.
2, 19
Let r(l) = l**3 + 9*l**2 + l + 1. Let q be r(-8). Let z = 93 - q. What are the prime factors of z?
2, 3
List the prime factors of 373/(-14)*-2 - (-10)/(-35).
53
List the prime factors of (-6)/9*3 - -22.
2, 5
Let p be (-36)/(-5)*(-45)/(-6). Let g = -30 + p. What are the prime factors of g?
2, 3
Let u = -4 + 6. Suppose -54 = 2*g - 4*v, 41 = -7*g + 4*g - u*v. Let q = -5 - g. What are the prime factors of q?
2, 3
Let i(z) = -4*z + 3*z - 2 + 1 + z**2 + 4*z**3. What are the prime factors of i(2)?
3, 11
Suppose 4*w - 10 = 2, 5*w = -3*d + 90. What are the prime factors of d?
5
Let r(i) = -4*i**3 - 8*i**2 - 4*i. Let q be r(-3). Let h = q + -18. What are the prime factors of h?
2, 3, 5
Let n = 51 + -33. Suppose n = -3*b + 6*b. Let w(d) = d + 1. What are the prime factors of w(b)?
7
Let k be (-2)/(-4) + 93/6. Suppose